{"id":26,"date":"2025-08-28T08:11:00","date_gmt":"2025-08-28T08:11:00","guid":{"rendered":"http:\/\/www.laventelitaivas.fi\/?page_id=26"},"modified":"2025-09-01T05:28:30","modified_gmt":"2025-09-01T05:28:30","slug":"laventeli-taivas-uusi-suomalainen-lasten-kuvakirja-pohjoisen-taian-keskelta","status":"publish","type":"page","link":"https:\/\/www.laventelitaivas.fi\/","title":{"rendered":"Laventeli Taivas &#8211; Uusi suomalainen lasten kuvakirja pohjoisen taian keskelt\u00e4"},"content":{"rendered":"\n<div class=\"wp-block-group alignfull has-global-padding is-layout-constrained wp-block-group-is-layout-constrained\" style=\"margin-top:0;margin-bottom:0\">\n<div class=\"wp-block-columns alignfull is-layout-flex wp-container-core-columns-is-layout-9c22b1e3 wp-block-columns-is-layout-flex\">\n<div class=\"wp-block-column is-layout-flow wp-block-column-is-layout-flow\" style=\"flex-basis:55%\">\n<div style=\"aspect-ratio:1;min-height:unset;\" class=\"wp-block-cover is-light has-aspect-ratio\"><img decoding=\"async\" class=\"wp-block-cover__image-background wp-image-71 size-large\" alt=\"\" src=\"http:\/\/www.laventelitaivas.fi\/wp-content\/uploads\/2025\/08\/laventeli-taivas-1-693x1024.jpeg\" data-object-fit=\"cover\"\/><span aria-hidden=\"true\" class=\"wp-block-cover__background has-background-dim-0 has-background-dim\" style=\"background-color:#a69c93\"><\/span><div class=\"wp-block-cover__inner-container is-layout-flow wp-block-cover-is-layout-flow\">\n<div style=\"height:var(--wp--preset--spacing--20)\" aria-hidden=\"true\" class=\"wp-block-spacer\"><\/div>\n<\/div><\/div>\n<\/div>\n\n\n\n<div class=\"wp-block-column is-vertically-aligned-center is-layout-flow wp-block-column-is-layout-flow\" style=\"padding-top:var(--wp--preset--spacing--60);padding-right:var(--wp--preset--spacing--60);padding-bottom:var(--wp--preset--spacing--60);padding-left:var(--wp--preset--spacing--60)\">\n<h2 class=\"wp-block-heading has-xx-large-font-size\">Joiku veljeydest\u00e4 ja valosta<\/h2>\n\n\n\n<p>Laventeli taivas on elokuussa 2025 ilmestynyt lasten kuvakirja, joka kuljettaa lukijan satumaiseen pohjoiseen, miss\u00e4 luonto ja mytologia kietoutuvat yhteen. Kirjan tarina ammentaa saamelaisesta kulttuuriperinn\u00f6st\u00e4, pohjoisen mystiikasta ja sisaruuden voimasta.<\/p>\n\n\n\n<p class=\"has-medium-font-size\">Myynniss\u00e4 verkossa ja tilauslomakkeella!<\/p>\n<\/div>\n<\/div>\n<\/div>\n\n\n\n<div class=\"wp-block-group alignfull has-global-padding is-layout-constrained wp-container-core-group-is-layout-54af5b55 wp-block-group-is-layout-constrained\" style=\"margin-top:0;margin-bottom:0;padding-top:var(--wp--preset--spacing--60);padding-bottom:var(--wp--preset--spacing--60)\">\n<h2 class=\"wp-block-heading alignwide has-text-align-center has-x-large-font-size\">Osta omasi tilauslomakkeella tai verkkokaupoista!<\/h2>\n\n\n\n<div class=\"wp-block-buttons alignwide has-custom-font-size has-medium-font-size is-content-justification-center is-layout-flex wp-container-core-buttons-is-layout-c124d1c4 wp-block-buttons-is-layout-flex\">\n<div class=\"wp-block-button\"><a class=\"wp-block-button__link has-background wp-element-button\" href=\"https:\/\/kirjakauppa.bod.fi\/laventeli-taivas-heini-laitinen-9789528096498\" style=\"background:linear-gradient(135deg,rgb(6,147,227) 0%,rgb(74,109,87) 74%,rgb(155,81,224) 100%)\" target=\"_blank\" rel=\"noreferrer noopener\">BoD kirjakauppa<\/a><\/div>\n\n\n\n<div class=\"wp-block-button\"><a class=\"wp-block-button__link has-background wp-element-button\" href=\"https:\/\/www.suomalainen.com\/products\/laventeli-taivas?srsltid=AfmBOoqd2iTPZXn8VAHDmRthpQG3xs_OiL52w5tyWVICfQKwSxtk0Yl9\" style=\"background:linear-gradient(135deg,rgb(6,147,227) 0%,rgb(74,109,87) 72%,rgb(155,81,224) 100%)\">Suomalainen kirjakauppa<\/a><\/div>\n\n\n\n<div class=\"wp-block-button\"><a class=\"wp-block-button__link has-background wp-element-button\" href=\"https:\/\/books.google.fi\/books\/about\/Laventeli_taivas.html?id=dil1EQAAQBAJ&amp;redir_esc=y\" style=\"background:linear-gradient(135deg,rgb(6,147,227) 0%,rgb(74,109,87) 57%,rgb(155,81,224) 100%)\">Google Books<\/a><\/div>\n\n\n\n<div class=\"wp-block-button\"><a class=\"wp-block-button__link has-background wp-element-button\" href=\"https:\/\/kansallinen.fi\/tuote\/laventeli-taivas-joiku-veljeydesta-ja-valosta\/\" style=\"background:linear-gradient(135deg,rgb(6,147,227) 0%,rgb(74,109,87) 67%,rgb(155,81,224) 100%)\">Kansallinen kirjakauppa<\/a><\/div>\n\n\n\n<div class=\"wp-block-button\"><a class=\"wp-block-button__link has-background wp-element-button\" style=\"background:linear-gradient(135deg,rgb(6,147,227) 0%,rgb(74,109,87) 53%,rgb(155,81,224) 100%)\">Tilaa kirjailijalta!<\/a><\/div>\n\n\n\n<div class=\"wp-block-button\"><a class=\"wp-block-button__link has-background wp-element-button\" href=\"https:\/\/www.prisma.fi\/tuotteet\/111181619\/laitinen-laventeli-taivas-joiku-veljeydesta-ja-valosta-111181619\" style=\"background:linear-gradient(135deg,rgb(6,147,227) 0%,rgb(74,109,87) 69%,rgb(155,81,224) 100%)\">Prisma<\/a><\/div>\n\n\n\n<div class=\"wp-block-button\"><a class=\"wp-block-button__link has-background wp-element-button\" href=\"https:\/\/www.adlibris.com\/fi\/kirja\/laventeli-taivas-9789528096498\" style=\"background:linear-gradient(135deg,rgb(6,147,227) 0%,rgb(74,109,87) 64%,rgb(155,81,224) 100%)\">Adlibris<\/a><\/div>\n\n\n\n<div class=\"wp-block-button\"><a class=\"wp-block-button__link has-background wp-element-button\" style=\"background:linear-gradient(135deg,rgb(6,147,227) 0%,rgb(74,109,87) 62%,rgb(155,81,224) 100%)\">Ellibs E-kirja<\/a><\/div>\n<\/div>\n\n\n\n<p class=\"has-text-align-center has-medium-font-size\">Etk\u00f6 l\u00f6yd\u00e4 etsim\u00e4\u00e4si? Ole yhteydess\u00e4 ja teemme parhaamme, ett\u00e4 kirja tavoittaa sinut.<\/p>\n<\/div>\n\n\n\n<div class=\"wp-block-group alignfull has-global-padding is-layout-constrained wp-block-group-is-layout-constrained\" style=\"margin-top:0;margin-bottom:0;padding-top:var(--wp--preset--spacing--50);padding-bottom:var(--wp--preset--spacing--50)\">\n<div class=\"wp-block-columns alignwide is-layout-flex wp-container-core-columns-is-layout-fa584acd wp-block-columns-is-layout-flex\">\n<div class=\"wp-block-column is-vertically-aligned-center is-layout-flow wp-block-column-is-layout-flow\">\n<h2 class=\"wp-block-heading has-xx-large-font-size\">Kirjasta..<\/h2>\n\n\n\n<p class=\"has-medium-font-size\">T\u00e4m\u00e4 uusi suomalainen lastenkirja on enemm\u00e4n kuin satu &#8211; se on matka valon ja varjojen maailmaan, jossa esi-\u00e4itien viisaus ja luonnon kauneus johdattavat lukijan syvemm\u00e4lle pohjoisen tarinoihin. Laventeli taivas on kirjoitettu ja kuvitettu rakkaudella lapsille ja perheille, jotka arvostavat luonnon ihmeit\u00e4, perinteit\u00e4 ja kest\u00e4vi\u00e4 arvoja. Kirjan sivuilta l\u00f6yd\u00e4t kauniit kuvitukset, runollisen kielen ja saamelaisen kulttuurin elementtej\u00e4. T\u00e4m\u00e4 kaikki tekee Laventeli taivas kirjasta erityisen &#8211; lahjana ja arvokkaana osana kotimaisen kirjallisuuden kentt\u00e4\u00e4. Haluatko tukea tarinoiden jatkumoa sukupolvilta toisille? Seuraa projektia ja tilaa omasi!<\/p>\n<\/div>\n\n\n\n<div class=\"wp-block-column is-vertically-aligned-center is-layout-flow wp-block-column-is-layout-flow\">\n<div class=\"wp-block-media-text is-stacked-on-mobile\"><figure class=\"wp-block-media-text__media\"><img loading=\"lazy\" decoding=\"async\" width=\"1024\" height=\"1536\" src=\"http:\/\/www.laventelitaivas.fi\/wp-content\/uploads\/2025\/08\/Laventeli.png\" alt=\"\" class=\"wp-image-14 size-full\" srcset=\"https:\/\/www.laventelitaivas.fi\/wp-content\/uploads\/2025\/08\/Laventeli.png 1024w, https:\/\/www.laventelitaivas.fi\/wp-content\/uploads\/2025\/08\/Laventeli-200x300.png 200w, https:\/\/www.laventelitaivas.fi\/wp-content\/uploads\/2025\/08\/Laventeli-683x1024.png 683w, https:\/\/www.laventelitaivas.fi\/wp-content\/uploads\/2025\/08\/Laventeli-768x1152.png 768w\" sizes=\"auto, (max-width: 1024px) 100vw, 1024px\" \/><\/figure><div class=\"wp-block-media-text__content\">\n<p>Joiku veljeydest\u00e4 ja valosta<\/p>\n<\/div><\/div>\n<\/div>\n<\/div>\n<\/div>\n\n\n\n<div class=\"wp-block-group alignfull is-style-default has-global-padding is-layout-constrained wp-block-group-is-layout-constrained\" style=\"margin-top:0;margin-bottom:0;padding-top:var(--wp--preset--spacing--60);padding-bottom:var(--wp--preset--spacing--60)\">\n<div class=\"wp-block-columns alignwide is-layout-flex wp-container-core-columns-is-layout-6ef9061c wp-block-columns-is-layout-flex\">\n<div class=\"wp-block-column is-layout-flow wp-block-column-is-layout-flow\" style=\"flex-basis:60%\">\n<div class=\"wp-block-group is-vertical is-layout-flex wp-container-core-group-is-layout-913d5755 wp-block-group-is-layout-flex\" style=\"padding-bottom:var(--wp--preset--spacing--30)\">\n<h2 class=\"wp-block-heading\">Kansainv\u00e4lisyys<\/h2>\n\n\n\n<p class=\"has-medium-font-size\">Laventeli taivas etsii parhaillaan k\u00e4\u00e4nt\u00e4j\u00e4\u00e4. Kirja l\u00f6ytyy jo pohjoismaisista verkkokaupoista, mutta k\u00e4\u00e4nn\u00f6ksi\u00e4 tarvitaan ruotsiksi, englanniksi ja pohjoissaameksi. Ota yhteytt\u00e4!<\/p>\n<\/div>\n<\/div>\n<\/div>\n<\/div>\n\n\n\n<div class=\"wp-block-group alignfull has-global-padding is-layout-constrained wp-block-group-is-layout-constrained\" style=\"margin-top:0;margin-bottom:0\">\n<div class=\"wp-block-group alignwide is-layout-flow wp-container-core-group-is-layout-d58a0413 wp-block-group-is-layout-flow\" style=\"padding-top:var(--wp--preset--spacing--50);padding-bottom:var(--wp--preset--spacing--50)\">\n<h2 class=\"wp-block-heading has-x-large-font-size\">UKK<\/h2>\n\n\n\n<div class=\"wp-block-columns is-layout-flex wp-container-core-columns-is-layout-cbe57604 wp-block-columns-is-layout-flex\">\n<div class=\"wp-block-column is-layout-flow wp-block-column-is-layout-flow\">\n<div class=\"wp-block-group is-layout-flow wp-block-group-is-layout-flow\" style=\"border-top-color:var(--wp--preset--color--accent-6);border-top-width:1px;padding-top:var(--wp--preset--spacing--30);padding-bottom:var(--wp--preset--spacing--30)\">\n<h3 class=\"wp-block-heading\">Mist\u00e4 Laventeli Taivas kertoo?<\/h3>\n\n\n\n<p>Laventeli Taivas on lasten kuvakirja, joka kertoo pohjoisen luonnon kauneudesta, sisaruudesta ja tarinoista jotka her\u00e4\u00e4v\u00e4t uudelleen henkiin kirjasarjan my\u00f6t\u00e4. Kirjassa seikkailee kolme saamelaista veljest\u00e4. Joiku veljeydest\u00e4 ja valosta on ensimm\u00e4inen osa kirjasarjaa.<\/p>\n<\/div>\n<\/div>\n\n\n\n<div class=\"wp-block-column is-layout-flow wp-block-column-is-layout-flow\">\n<div class=\"wp-block-group is-layout-flow wp-block-group-is-layout-flow\" style=\"border-top-color:var(--wp--preset--color--accent-6);border-top-width:1px;padding-top:var(--wp--preset--spacing--30);padding-bottom:var(--wp--preset--spacing--30)\">\n<h3 class=\"wp-block-heading\">Paljonko kirja maksaa?<\/h3>\n\n\n\n<p>Kirjan suositus hinta on 29,70-36 \u20ac v\u00e4lill\u00e4. Kirjailijan kautta saat tilattua kirjan hintaan 29,70 \u20ac + postituskulut 6,90 \u20ac. Kirjailijalta suoraan tilattuun painokseen saat aina omistuskirjoituksen ja signeerauksen.<\/p>\n<\/div>\n<\/div>\n<\/div>\n\n\n\n<div class=\"wp-block-columns is-layout-flex wp-container-core-columns-is-layout-cbe57604 wp-block-columns-is-layout-flex\">\n<div class=\"wp-block-column is-layout-flow wp-block-column-is-layout-flow\">\n<div class=\"wp-block-group is-layout-flow wp-block-group-is-layout-flow\" style=\"border-top-color:var(--wp--preset--color--accent-6);border-top-width:1px;padding-top:var(--wp--preset--spacing--30);padding-bottom:var(--wp--preset--spacing--30)\">\n<h3 class=\"wp-block-heading\">Saako Laventeli Taivas jatkoa?<\/h3>\n\n\n\n<p>Joiku veljeydest\u00e4 ja valosta on ensimm\u00e4inen osa kirjasarjaa. Toinen osa Silta varjojen yli ilmestyy 2026 touko-elokuun aikana. <\/p>\n<\/div>\n<\/div>\n\n\n\n<div class=\"wp-block-column is-layout-flow wp-block-column-is-layout-flow\">\n<div class=\"wp-block-group is-layout-flow wp-block-group-is-layout-flow\" style=\"border-top-color:var(--wp--preset--color--accent-6);border-top-width:1px;padding-top:var(--wp--preset--spacing--30);padding-bottom:var(--wp--preset--spacing--30)\">\n<h3 class=\"wp-block-heading\">Kuka on luonut Laventeli Taivaan?<\/h3>\n\n\n\n<p class=\"is-style-default\">Laventeli Taivaan kirjailija on Heini Laitinen ja Joiku veljeydest\u00e4 ja valosta on h\u00e4nen debyytti. Kirjailijasta l\u00f6yd\u00e4t lis\u00e4tietoja kirjailija osiosta!<\/p>\n<\/div>\n<\/div>\n<\/div>\n<\/div>\n<\/div>\n\n\n\n<aside class=\"wp-block-group alignfull is-style-section-3 has-background has-global-padding is-layout-constrained wp-container-core-group-is-layout-f0f2a97b wp-block-group-is-layout-constrained is-style-section-3--1\" style=\"background:linear-gradient(135deg,rgb(6,147,227) 0%,rgb(138,125,179) 84%,rgb(155,81,224) 100%);margin-top:0;margin-bottom:0;padding-top:var(--wp--preset--spacing--50);padding-right:var(--wp--preset--spacing--50);padding-bottom:var(--wp--preset--spacing--50);padding-left:var(--wp--preset--spacing--50)\">\n<div class=\"wp-block-group is-vertical is-content-justification-center is-layout-flex wp-container-core-group-is-layout-8778ca4a wp-block-group-is-layout-flex\" style=\"min-height:360px;margin-top:0;margin-bottom:0\">\n<h2 class=\"wp-block-heading has-text-align-center has-xx-large-font-size\">Uutiskirje?<\/h2>\n\n\n\n<p class=\"has-text-align-center is-style-text-subtitle is-style-text-subtitle--2\">Emme viel\u00e4 aktiivisesti julkaise uutiskirjeit\u00e4. Siihen asti l\u00f6yd\u00e4t meid\u00e4t sosiaalisenmedian kautta!<\/p>\n\n\n\n<div style=\"height:0px\" aria-hidden=\"true\" class=\"wp-block-spacer wp-container-content-62aae154\"><\/div>\n\n\n\n<div class=\"wp-block-buttons is-content-justification-center is-layout-flex wp-container-core-buttons-is-layout-a89b3969 wp-block-buttons-is-layout-flex\"><\/div>\n<\/div>\n<\/aside>\n\n\n\n<blockquote class=\"wp-block-quote is-layout-flow wp-block-quote-is-layout-flow\">\n<p>&#8221;Joiku ei ole vain laulu. Se on muisto, rukous ja tie kotiin&#8221; &#8211; Laventeli Taivas, Joiku veljeydest\u00e4 ja valosta.<\/p>\n<\/blockquote>\n","protected":false},"excerpt":{"rendered":"<p>Joiku veljeydest\u00e4 ja valosta Laventeli taivas on elokuussa 2025 ilmestynyt lasten kuvakirja, joka kuljettaa lukijan satumaiseen pohjoiseen, miss\u00e4 luonto ja mytologia kietoutuvat yhteen. Kirjan tarina ammentaa saamelaisesta kulttuuriperinn\u00f6st\u00e4, pohjoisen mystiikasta ja sisaruuden voimasta. Myynniss\u00e4 verkossa ja tilauslomakkeella! Osta omasi tilauslomakkeella tai verkkokaupoista! Etk\u00f6 l\u00f6yd\u00e4 etsim\u00e4\u00e4si? Ole yhteydess\u00e4 ja teemme parhaamme, ett\u00e4 kirja tavoittaa sinut. Kirjasta.. [&hellip;]<\/p>\n","protected":false},"author":1,"featured_media":14,"parent":0,"menu_order":0,"comment_status":"closed","ping_status":"closed","template":"","meta":{"footnotes":""},"class_list":["post-26","page","type-page","status-publish","has-post-thumbnail","hentry"],"_links":{"self":[{"href":"https:\/\/www.laventelitaivas.fi\/index.php?rest_route=\/wp\/v2\/pages\/26","targetHints":{"allow":["GET"]}}],"collection":[{"href":"https:\/\/www.laventelitaivas.fi\/index.php?rest_route=\/wp\/v2\/pages"}],"about":[{"href":"https:\/\/www.laventelitaivas.fi\/index.php?rest_route=\/wp\/v2\/types\/page"}],"author":[{"embeddable":true,"href":"https:\/\/www.laventelitaivas.fi\/index.php?rest_route=\/wp\/v2\/users\/1"}],"replies":[{"embeddable":true,"href":"https:\/\/www.laventelitaivas.fi\/index.php?rest_route=%2Fwp%2Fv2%2Fcomments&post=26"}],"version-history":[{"count":5,"href":"https:\/\/www.laventelitaivas.fi\/index.php?rest_route=\/wp\/v2\/pages\/26\/revisions"}],"predecessor-version":[{"id":72,"href":"https:\/\/www.laventelitaivas.fi\/index.php?rest_route=\/wp\/v2\/pages\/26\/revisions\/72"}],"wp:featuredmedia":[{"embeddable":true,"href":"https:\/\/www.laventelitaivas.fi\/index.php?rest_route=\/wp\/v2\/media\/14"}],"wp:attachment":[{"href":"https:\/\/www.laventelitaivas.fi\/index.php?rest_route=%2Fwp%2Fv2%2Fmedia&parent=26"}],"curies":[{"name":"wp","href":"https:\/\/api.w.org\/{rel}","templated":true}]}}